i - 4*g. Suppose 0 = -235*j + i*j + 4691. Is j a prime number?
True
Suppose 4*b = 2*p + 163034, p - 4 = -3*p. Suppose -4*j - b = -4*d - 3719, 3*d + 4*j - 27801 = 0. Is d a composite number?
True
Let x(c) = 402*c - 1001. Is x(8) composite?
True
Let o = -10069 - -14396. Is o a composite number?
False
Suppose 2049058 = -86*u + 7922600. Is u prime?
False
Let z(c) = c**3 + c**2. Let d(f) = -f**3 + 13*f**2 + 28*f - 17. Let x(b) = d(b) - 3*z(b). Let n(s) = s**3 + s - 1. Let u(g) = -2*n(g) - x(g). Is u(13) prime?
True
Let v be 4 + -2 - (-6 + 7). Let m(f) be the second derivative of 209*f**5/10 + f**4/12 - f**3/3 - 7*f. Is m(v) composite?
True
Let f be (4/(-10))/(2 + 59/(-30)). Let r(l) be the second derivative of 2*l**4/3 + 7*l**3/2 + 7*l**2 - 4*l. Is r(f) a prime number?
False
Suppose 5*i = 4*r + 16, 6 = 3*r + 2*i - 5. Is (r - -1 - 1)*(16 - -1177) composite?
False
Let t(r) = -r + 2. Let j(i) = 294*i - 4. Let u(w) = j(w) - 5*t(w). Let y(f) = f + 10. Let l be y(-5). Is u(l) prime?
True
Let h be -3 - (0 - 2 - -3010). Let d = -1268 - h. Let p = -1108 + d. Is p composite?
True
Suppose -a = -5*x - 954464, 0 = x + 4*a + 48074 + 142823. Is x/(-68) + 21/12 + -2 a composite number?
True
Suppose 5*s - 15 = 0, -81*d - 7789 = -82*d + 2*s. Is d prime?
False
Let y = -185194 + 292097. Suppose -27516 = 11*j - y. Is j composite?
True
Let l = 10168 - -4953. Is l composite?
False
Suppose 1601613 = 43*q + 377704. Is q a prime number?
True
Let i be (-3)/9 - 2275/(-21). Let f = -119 + i. Let o(u) = -u**2 - 22*u + 10. Is o(f) prime?
True
Let n(y) = -48966*y**3 + 2*y**2 + 5*y + 4. Is n(-1) prime?
False
Let m = 106 - 88. Let k be m/(-63) + (-53274)/(-14). Let c = k + 8058. Is c prime?
True
Suppose -3*z + 56 = -z. Let r be (-8)/z + 11586/(-21). Let a = 803 + r. Is a composite?
False
Suppose 61*n - 19*n + 2279647 = 6127981. Is n composite?
True
Let h(a) = 6*a + 4457*a**2 - 5*a**3 - 4455*a**2 - a**3. Let x be h(6). Let j = 2437 + x. Is j prime?
True
Let k(p) = 3*p + 25. Let f be k(5). Let m = 45 - f. Suppose 2*v - m*i - 2506 = 0, -3*v + 1430 = 4*i - 2329. Is v prime?
False
Let s(a) = a**3 - 6*a**2 - 4*a - 21. Let q(r) = 3*r - 17. Let f be q(8). Let w be s(f). Suppose w = -5*g + 4400 + 13955. Is g a prime number?
True
Let k(a) = 67*a**3 + 3*a + 547*a**3 - 3*a**2 + a**2 - a**2. Is k(1) a prime number?
False
Suppose 4*h + 4*s = 2*h - 98, 0 = -h + 2*s - 65. Let p = h - -59. Is p/3 + 2/(-6)*-361 a prime number?
False
Let d(b) = b**3 - 8*b**2 - 9*b - 6. Let c be d(19). Let p = -2145 + c. Let q = p - 818. Is q a composite number?
True
Let q(m) = 4*m**3 - 12*m**2 - 11*m - 19. Suppose -70 = 5*v - 12*v. Is q(v) a composite number?
False
Suppose 11*s + 2*n = 13*s + 11088, -4*n + 11098 = -2*s. Let q = s - -10400. Is q prime?
True
Let m(k) = -46*k**3 + 3*k**2 - 4*k + 7 + 56*k**3 + 6*k. Is m(4) a composite number?
True
Let o(q) = q**3 + 23*q**2 + 19*q - 62. Let h be o(-22). Suppose -h*p - 11364 - 4879 = -5*m, 5*m - 3*p - 16241 = 0. Is m a composite number?
True
Let c be (-44)/36 + 1 - (-77422)/18. Suppose -7*d - 1326 + c = 0. Let k = 924 + d. Is k a prime number?
False
Let c be (-7620)/16 + -1 - (-2)/8. Let y = c - -2004. Is y prime?
False
Suppose 0 = -93*o - 1525221 + 4691964. Is o a composite number?
True
Let l(b) = -b**2 + 33*b - 50. Let z be l(31). Let g(q) = 34*q**2 + 35. Is g(z) composite?
False
Suppose 3*a = -40*m + 44*m + 335843, 2*a + 3*m = 223901. Is a a prime number?
True
Let b(s) = s**2 + 9*s + 11. Let p be b(-8). Let n be p + -1 - 12/1. Is (-4)/n + 6265/25 a prime number?
True
Suppose 0 = 2*g + 4*s - 358318, 14*s = 2*g + 12*s - 358318. Is g a composite number?
True
Suppose 0 = -4890*w + 4879*w + 4915009. Is w composite?
False
Is 10/1 - (20 - (-3 + 494562)) a prime number?
False
Suppose 0 = -40*b + 38*b + 5*t - 23, b = 3*t - 13. Let g(y) = -124*y**3 + 8*y**2 + 6*y + 17. Is g(b) prime?
False
Suppose -5*y - 4*j + 40578 - 1915 = 0, -2*y - 4*j + 15482 = 0. Is y a prime number?
True
Let h = 436 + -413. Suppose -h*i + 60076 = -36087. Is i a prime number?
False
Suppose -1191598 = -8*r + 3988794. Is r composite?
True
Let c(x) = 2 - 26 - 19*x - 25 + 4*x**2 + 5*x. Let m be c(-9). Suppose m = -s + 1692. Is s a composite number?
False
Let h(d) = 491*d**2 - 4*d - 5. Let g(v) = -21*v + 13*v - 3*v**2 - v**3 - 4 + 5*v. Let u be g(-2). Is h(u) a prime number?
False
Suppose 5*c = r - 6589, 13*c - 15*c + 13250 = 2*r. Is r composite?
False
Let m = -306803 - -539088. Is m a composite number?
True
Is 163818/8 + (-78)/312 a prime number?
True
Suppose 552519 = 2*j + 60*l - 55*l, -14 = 2*l. Is j a composite number?
False
Let d(a) = a**2 - 22*a + 29. Let l be d(9). Let o = l - -795. Is o a composite number?
True
Suppose -34*f - 120 = -37*f. Suppose -f*y = -27*y - 15535. Is y composite?
True
Let k be -3759*(-5 - (-154)/30)*-40. Suppose -3*v - 4*z + k = -36781, 5*z - 37879 = -2*v. Is v prime?
True
Let w(x) = -25*x**2 - 5*x + 1. Let g(a) = -a**2 + a. Let q(f) = -4*g(f) + w(f). Let h be q(5). Let m = -267 - h. Is m a composite number?
True
Is (-917190)/(-105) + (-3)/42*4/2 a prime number?
False
Let f(l) = 123*l**2 + 110*l - 348. Is f(-35) composite?
False
Let n(k) = -3*k + 6. Let m be n(2). Let s(y) = 0 + 53*y**2 - 2 + 3 + y + m*y. Is s(-1) a composite number?
False
Let y(a) = -109*a - 8. Let c = 47 - 48. Let z be -4 - c/(-2)*-2. Is y(z) composite?
True
Let k(l) = -6*l**3 + 1 - 2*l**3 + 7*l**3 - 15*l**2. Let h be k(-15). Is h/(-4) - (-7)/56*9754 composite?
True
Is 1/4 - 8869530/(-120) a composite number?
True
Suppose -311365 - 168795 = -16*c. Suppose -c + 103017 = 11*k. Is k prime?
True
Let u = 3 + 1. Let y(x) = u - 1052*x + 70*x - 25. Is y(-5) a composite number?
False
Let t(o) = 9*o**2 + 7*o + 1. Let x = 5 - -14. Suppose g + x = -3*u - g, 0 = -u - 5*g - 15. Is t(u) composite?
False
Let n be 15*8/(-200)*-5. Suppose -n*f + 20751 - 2784 = 0. Is f prime?
False
Suppose 3666363 = 8*c - 482557. Is c a prime number?
False
Suppose -r = 3*x - 4*r - 41400, r = 3*x - 41398. Is x prime?
True
Let d = 3099 - 1642. Is d a prime number?
False
Suppose 31*n - 9*n - 176 = 0. Suppose 24*k = 25*k - 4. Suppose -3*q = -5*y - 6*q + 8279, n = -k*q. Is y composite?
False
Suppose -1651 = -4*r - 5*q, 0 = -19*r + 15*r + 2*q + 1630. Is r a prime number?
True
Suppose 4*u + 20 = 0, -3*o - 4*u + 8*u + 157157 = 0. Is o a prime number?
True
Suppose -2*f + q = -f + 72, 4*f = q - 285. Let m = -76 - f. Let y(i) = 35*i**2 + 16*i + 2. Is y(m) a prime number?
True
Let l(c) = 202*c**2 + 2*c - 1. Let m(k) = 3*k - 1 - 4*k + 2*k + 2*k**2 - k**3. Let s be m(-1). Is l(s) a prime number?
False
Let k be 241431/276 - (-2 + 14/8). Suppose i - k = 486. Is i a composite number?
False
Let g = 91 + -111. Let o(f) = 100*f + 3. Let d be o(g). Let x = -1060 - d. Is x prime?
True
Is 2/7 - ((-189)/98 - -2)*-3714154 a prime number?
False
Let n(g) = 2*g + 28. Let v(o) = o + 14. Let u(l) = 4*n(l) - 7*v(l). Let h be u(-9). Suppose -2*w - 71 = -q + 34, h*q - 2*w = 541. Is q a prime number?
True
Let z(f) = f**3 + 10*f**2 + 11*f + 16. Let p be z(-9). Is 1274844/207 - p/(2*3) prime?
False
Suppose 2 - 12 = -r - z, -32 = -4*r + 4*z. Suppose -r*v + 1371 + 4650 = 0. Is v composite?
True
Is (6/4)/(33/4425454) a composite number?
True
Suppose 5*f + 600 = 55*f. Let c(x) = 4*x**2 + x + 1. Let k be c(-1). Suppose 4*t - 1247 = -5*d, 0*t = -k*t + f. Is d a composite number?
True
Is 14 + (-729949)/(-44) - 3/4 composite?
False
Suppose 8*w = -215 + 231. Suppose 7*x = 9*x - 2*k - 40424, -w*x = 5*k - 40403. Is x prime?
False
Let u(r) = 2377*r - 1361. Is u(10) composite?
False
Let y = 44714 - -2507. Is y a composite number?
False
Let f be 4 - (11551 + 4)*-37. Suppose -25*i + f = 9314. Is i prime?
True
Suppose 2*h - 216 = 2*o, 0*o + 102 = h + o. Suppose -4*r = v - 884, v - 10*r = -11*r + 872. Let d = v - h. Is d prime?
False
Suppose -40*i + 1412268 = 162388. Is i a composite number?
False
Suppose 5*w - 4*u = -14531685 - 787592, 3*u = -5*w - 15319256. Is (4/(-10) - 0) + w/(-1495) prime?
False
Let y(s) = 2*s**2 + 15*s - 2257*s**3 - 5 + 2387*s**3 + 11. Is y(5) a composite number?
False
Let m = 502 + 9033. Is m a prime number?
False
Suppose 9 = -f - t, 13 = 4*f - 4*t + 41. Let q(w) be the second derivative of 5*w**4/3 - w**3/6 - 5*w**2/2 - 104*w + 2. Is q(f) a composite number?
False
Suppose 